{"id":718,"date":"2019-10-23T18:40:26","date_gmt":"2019-10-23T16:40:26","guid":{"rendered":"http:\/\/iksi.strony.uw.edu.pl\/?page_id=718"},"modified":"2023-10-06T11:14:56","modified_gmt":"2023-10-06T09:14:56","slug":"dr-maciej-durkiewicz","status":"publish","type":"page","link":"http:\/\/iksi.uw.edu.pl\/de\/pracownicy\/dr-maciej-durkiewicz\/","title":{"rendered":"dr Maciej Durkiewicz"},"content":{"rendered":"<div class=\"su-tabs su-tabs-style-default su-tabs-mobile-scroll su-tabs-vertical\" data-active=\"1\" data-scroll-offset=\"0\" data-anchor-in-url=\"no\"><div class=\"su-tabs-nav\"><span class=\"\" data-url=\"\" data-target=\"blank\" tabindex=\"0\" role=\"button\">Informacje<\/span><span class=\"\" data-url=\"\" data-target=\"blank\" tabindex=\"0\" role=\"button\">Przebieg kariery<\/span><span class=\"\" data-url=\"\" data-target=\"blank\" tabindex=\"0\" role=\"button\">Zainteresowania naukowe<\/span><span class=\"\" data-url=\"\" data-target=\"blank\" tabindex=\"0\" role=\"button\">Wybrane publikacje<\/span><span class=\"\" data-url=\"\" data-target=\"blank\" tabindex=\"0\" role=\"button\">Linki do osobistych profili naukowych\/zawodowych<\/span><span class=\"\" data-url=\"\" data-target=\"blank\" tabindex=\"0\" role=\"button\">Wi\u0119cej<\/span><\/div><div class=\"su-tabs-panes\"><div class=\"su-tabs-pane su-u-clearfix su-u-trim\" data-title=\"Informacje\">\n<div class=\"su-table su-table-responsive su-table-alternate su-table-fixed\">\n<table>\n<tbody>\n<tr>\n<td><strong>ORCID<\/strong><\/td>\n<td><a href=\"http:\/\/orcid.org\/0000-0002-7749-944X\">https:\/\/orcid.org\/orcid.org\/0000-0002-7749-944X<\/a><\/td>\n<\/tr>\n<tr>\n<td><strong>Obszar naukowy<\/strong><\/td>\n<td>j\u0119zykoznawstwo<\/td>\n<\/tr>\n<tr>\n<td><strong>Stanowisko<\/strong><\/td>\n<td>asystent<\/td>\n<\/tr>\n<tr>\n<td><strong>Numer pokoju w IKSI<\/strong><\/td>\n<td>3.520<\/td>\n<\/tr>\n<tr>\n<td><strong>E-mail<\/strong><\/td>\n<td>m.durkiewicz@uw.edu.pl<\/td>\n<\/tr>\n<tr>\n<td><strong>Dy\u017cur<\/strong><\/td>\n<td>wtorek, 11.30-13.00 w sali 3.520<\/td>\n<\/tr>\n<\/tbody>\n<\/table>\n<\/div><\/div>\n<div class=\"su-tabs-pane su-u-clearfix su-u-trim\" data-title=\"Przebieg kariery\">\n<ul>\n<li>doktor nauk humanistycznych w zakresie j\u0119zykoznawstwa, Uniwersytet Warszawski, 2017<\/li>\n<li>magister filologii w zakresie filologii w\u0142oskiej, Uniwersytet Warszawski, 2002<\/li>\n<\/ul>\n<\/div>\n<div class=\"su-tabs-pane su-u-clearfix su-u-trim\" data-title=\"Zainteresowania naukowe\">\n<ul>\n<li>wsp\u00f3\u0142czesny j\u0119zyk w\u0142oski, jego struktury i odmiany<\/li>\n<li>lingwistyka tekstu<\/li>\n<li>korpusy<\/li>\n<li>interlingwy polskoj\u0119zycznych os\u00f3b ucz\u0105cych si\u0119 j. w\u0142oskiego jako obcego<\/li>\n<li>j\u0119zyki mniejszo\u015bciowe w kontakcie z j. w\u0142oskim (retoroma\u0144ski i greko di Calabria)<\/li>\n<\/ul>\n<\/div>\n<div class=\"su-tabs-pane su-u-clearfix su-u-trim\" data-title=\"Wybrane publikacje\">\n<div class=\"su-table su-table-responsive su-table-alternate su-table-fixed\">\n<table style=\"width: 100%\">\n<tbody>\n<tr>\n<td style=\"width: 11.2583%\"><strong>Ksi\u0105\u017cki<\/strong><\/td>\n<td style=\"width: 87.6984%\" width=\"438\">\n<ul>\n<li>Durkiewicz, Maciej (2020), <em>Lingua e testualit\u00e0 dei diari on-line italiani<\/em>, Frankfurt am Main.<\/li>\n<\/ul>\n<\/td>\n<\/tr>\n<tr>\n<td style=\"width: 11.2583%\"><strong>Rozdzia\u0142y<\/strong><\/td>\n<td style=\"width: 87.6984%\" width=\"438\">\n<ul>\n<li>Durkiewicz, M. (2019), <em>Osservazioni sulla punteggiatura e sulla costruzione del testo in un corpus di blog diaristici<\/em>, (w:) A. Ferrari <em>et al<\/em>. (red.), <em>Punteggiatura, sintassi, testualit\u00e0 nella variet\u00e0 dei testi italiani contemporanei<\/em>. Firenze, s. 65-77.<\/li>\n<li>Durkiewicz, M. (2019), <em>Autori di diari on-line di fronte alla norma: scriventi incompetenti, recalcitranti o conservatori?<\/em>, (w:) E. Jamrozik\/K. Mi\u0142kowska-Samul\/R. Sosnowski, R. (red.), <em>Il conflitoo nella lingua e nella cultura italiana: analisi, interpretazioni, prospettive<\/em>. Firenze, s.71-81.<\/li>\n<\/ul>\n<\/td>\n<\/tr>\n<tr>\n<td style=\"width: 11.2583%\"><strong>Artyku\u0142y<\/strong><\/td>\n<td style=\"width: 87.6984%\">\n<ul>\n<li>Durkiewicz, M. (2019), <em>Materiali linguistici di incerto status sintattico in un corpus di post di blog<\/em>\u00bb, (w:) \u201cKwartlanik Neofilologiczny\u201d 4, s. 695-702.<\/li>\n<\/ul>\n<\/td>\n<\/tr>\n<\/tbody>\n<\/table>\n<\/div><\/div>\n<div class=\"su-tabs-pane su-u-clearfix su-u-trim\" data-title=\"Linki do osobistych profili naukowych\/zawodowych\">\n<\/div>\n<div class=\"su-tabs-pane su-u-clearfix su-u-trim\" data-title=\"Wi\u0119cej\"><\/div><\/div><\/div>","protected":false},"excerpt":{"rendered":"","protected":false},"author":872,"featured_media":0,"parent":55,"menu_order":0,"comment_status":"closed","ping_status":"closed","template":"","meta":{"_mc_calendar":[],"footnotes":"","_links_to":"","_links_to_target":""},"class_list":["post-718","page","type-page","status-publish","hentry","post"],"acf":[],"_links":{"self":[{"href":"http:\/\/iksi.uw.edu.pl\/de\/wp-json\/wp\/v2\/pages\/718","targetHints":{"allow":["GET"]}}],"collection":[{"href":"http:\/\/iksi.uw.edu.pl\/de\/wp-json\/wp\/v2\/pages"}],"about":[{"href":"http:\/\/iksi.uw.edu.pl\/de\/wp-json\/wp\/v2\/types\/page"}],"author":[{"embeddable":true,"href":"http:\/\/iksi.uw.edu.pl\/de\/wp-json\/wp\/v2\/users\/872"}],"replies":[{"embeddable":true,"href":"http:\/\/iksi.uw.edu.pl\/de\/wp-json\/wp\/v2\/comments?post=718"}],"version-history":[{"count":12,"href":"http:\/\/iksi.uw.edu.pl\/de\/wp-json\/wp\/v2\/pages\/718\/revisions"}],"predecessor-version":[{"id":7847,"href":"http:\/\/iksi.uw.edu.pl\/de\/wp-json\/wp\/v2\/pages\/718\/revisions\/7847"}],"up":[{"embeddable":true,"href":"http:\/\/iksi.uw.edu.pl\/de\/wp-json\/wp\/v2\/pages\/55"}],"wp:attachment":[{"href":"http:\/\/iksi.uw.edu.pl\/de\/wp-json\/wp\/v2\/media?parent=718"}],"curies":[{"name":"wp","href":"https:\/\/api.w.org\/{rel}","templated":true}]}}

<div class="su-tabs su-tabs-style-default su-tabs-mobile-scroll su-tabs-vertical" data-active="1" data-scroll-offset="0" data-anchor-in-url="no"><div class="su-tabs-nav"><span class="" data-url="" data-target="blank" tabindex="0" role="button">Informacje</span><span class="" data-url="" data-target="blank" tabindex="0" role="button">Przebieg kariery</span><span class="" data-url="" data-target="blank" tabindex="0" role="button">Zainteresowania naukowe</span><span class="" data-url="" data-target="blank" tabindex="0" role="button">Wybrane publikacje</span><span class="" data-url="" data-target="blank" tabindex="0" role="button">Linki do osobistych profili naukowych/zawodowych</span><span class="" data-url="" data-target="blank" tabindex="0" role="button">Więcej</span></div><div class="su-tabs-panes"><div class="su-tabs-pane su-u-clearfix su-u-trim" data-title="Informacje">
<div class="su-table su-table-responsive su-table-alternate su-table-fixed">
<table>
<tbody>
<tr>
<td><strong>ORCID</strong></td>
<td><a href="http://orcid.org/0000-0002-7749-944X">https://orcid.org/orcid.org/0000-0002-7749-944X</a></td>
</tr>
<tr>
<td><strong>Obszar naukowy</strong></td>
<td>językoznawstwo</td>
</tr>
<tr>
<td><strong>Stanowisko</strong></td>
<td>asystent</td>
</tr>
<tr>
<td><strong>Numer pokoju w IKSI</strong></td>
<td>3.520</td>
</tr>
<tr>
<td><strong>E-mail</strong></td>
<td>m.durkiewicz@uw.edu.pl</td>
</tr>
<tr>
<td><strong>Dyżur</strong></td>
<td>wtorek, 11.30-13.00 w sali 3.520</td>
</tr>
</tbody>
</table>
</div></div>
<div class="su-tabs-pane su-u-clearfix su-u-trim" data-title="Przebieg kariery">
<ul>
<li>doktor nauk humanistycznych w zakresie językoznawstwa, Uniwersytet Warszawski, 2017</li>
<li>magister filologii w zakresie filologii włoskiej, Uniwersytet Warszawski, 2002</li>
</ul>
</div>
<div class="su-tabs-pane su-u-clearfix su-u-trim" data-title="Zainteresowania naukowe">
<ul>
<li>współczesny język włoski, jego struktury i odmiany</li>
<li>lingwistyka tekstu</li>
<li>korpusy</li>
<li>interlingwy polskojęzycznych osób uczących się j. włoskiego jako obcego</li>
<li>języki mniejszościowe w kontakcie z j. włoskim (retoromański i greko di Calabria)</li>
</ul>
</div>
<div class="su-tabs-pane su-u-clearfix su-u-trim" data-title="Wybrane publikacje">
<div class="su-table su-table-responsive su-table-alternate su-table-fixed">
<table style="width: 100%">
<tbody>
<tr>
<td style="width: 11.2583%"><strong>Książki</strong></td>
<td style="width: 87.6984%" width="438">
<ul>
<li>Durkiewicz, Maciej (2020), <em>Lingua e testualità dei diari on-line italiani</em>, Frankfurt am Main.</li>
</ul>
</td>
</tr>
<tr>
<td style="width: 11.2583%"><strong>Rozdziały</strong></td>
<td style="width: 87.6984%" width="438">
<ul>
<li>Durkiewicz, M. (2019), <em>Osservazioni sulla punteggiatura e sulla costruzione del testo in un corpus di blog diaristici</em>, (w:) A. Ferrari <em>et al</em>. (red.), <em>Punteggiatura, sintassi, testualità nella varietà dei testi italiani contemporanei</em>. Firenze, s. 65-77.</li>
<li>Durkiewicz, M. (2019), <em>Autori di diari on-line di fronte alla norma: scriventi incompetenti, recalcitranti o conservatori?</em>, (w:) E. Jamrozik/K. Miłkowska-Samul/R. Sosnowski, R. (red.), <em>Il conflitoo nella lingua e nella cultura italiana: analisi, interpretazioni, prospettive</em>. Firenze, s.71-81.</li>
</ul>
</td>
</tr>
<tr>
<td style="width: 11.2583%"><strong>Artykuły</strong></td>
<td style="width: 87.6984%">
<ul>
<li>Durkiewicz, M. (2019), <em>Materiali linguistici di incerto status sintattico in un corpus di post di blog</em>», (w:) “Kwartlanik Neofilologiczny” 4, s. 695-702.</li>
</ul>
</td>
</tr>
</tbody>
</table>
</div></div>
<div class="su-tabs-pane su-u-clearfix su-u-trim" data-title="Linki do osobistych profili naukowych/zawodowych">
</div>
<div class="su-tabs-pane su-u-clearfix su-u-trim" data-title="Więcej"></div></div></div>
