{"id":756,"date":"2019-10-23T18:51:48","date_gmt":"2019-10-23T16:51:48","guid":{"rendered":"http:\/\/iksi.strony.uw.edu.pl\/?page_id=756"},"modified":"2025-10-30T08:37:21","modified_gmt":"2025-10-30T07:37:21","slug":"dr-patrycja-spytek","status":"publish","type":"page","link":"http:\/\/iksi.uw.edu.pl\/en\/pracownicy\/dr-patrycja-spytek\/","title":{"rendered":"dr Patrycja Spytek"},"content":{"rendered":"<div class=\"su-tabs su-tabs-style-default su-tabs-mobile-scroll su-tabs-vertical\" data-active=\"1\" data-scroll-offset=\"0\" data-anchor-in-url=\"no\"><div class=\"su-tabs-nav\"><span class=\"\" data-url=\"\" data-target=\"blank\" tabindex=\"0\" role=\"button\">Informacje<\/span><span class=\"\" data-url=\"\" data-target=\"blank\" tabindex=\"0\" role=\"button\">Przebieg kariery<\/span><span class=\"\" data-url=\"\" data-target=\"blank\" tabindex=\"0\" role=\"button\">Zainteresowania naukowe<\/span><span class=\"\" data-url=\"\" data-target=\"blank\" tabindex=\"0\" role=\"button\">Wybrane publikacje<\/span><span class=\"\" data-url=\"\" data-target=\"blank\" tabindex=\"0\" role=\"button\">Linki do osobistych profili naukowych\/zawodowych<\/span><span class=\"\" data-url=\"\" data-target=\"blank\" tabindex=\"0\" role=\"button\">Wi\u0119cej<\/span><\/div><div class=\"su-tabs-panes\"><div class=\"su-tabs-pane su-u-clearfix su-u-trim\" data-title=\"Informacje\">\n<div class=\"su-table su-table-responsive su-table-alternate su-table-fixed\">\n<table style=\"width: 0px\">\n<tbody>\n<tr>\n<td style=\"width: 184px\"><strong>ORCID<\/strong><\/td>\n<td style=\"width: 306px\"><a href=\"https:\/\/orcid.org\/0000-0003-2638-5255\" target=\"_blank\" rel=\"noopener noreferrer\">https:\/\/orcid.org\/0000-0003-2638-5255<\/a><\/td>\n<\/tr>\n<tr>\n<td style=\"width: 184px\"><strong>Obszar naukowy<\/strong><\/td>\n<td style=\"width: 306px\">j\u0119zykoznawstwo<br \/>\nliteraturoznawstwo<\/td>\n<\/tr>\n<tr>\n<td style=\"width: 184px\"><strong>Stanowisko<\/strong><\/td>\n<td style=\"width: 306px\">adiunkt<\/td>\n<\/tr>\n<tr>\n<td style=\"width: 184px\"><strong>Numer pokoju w IKSI<\/strong><\/td>\n<td style=\"width: 306px\">3.514<\/td>\n<\/tr>\n<tr>\n<td style=\"width: 184px\"><strong>E-mail<\/strong><\/td>\n<td style=\"width: 306px\">p.spytek@uw.edu.pl<\/td>\n<\/tr>\n<tr>\n<td style=\"width: 184px\"><strong>Dy\u017cur<\/strong><\/td>\n<td style=\"width: 306px\" width=\"302\">czwartek, godz. 12:00<\/td>\n<\/tr>\n<\/tbody>\n<\/table>\n<\/div><\/div>\n<div class=\"su-tabs-pane su-u-clearfix su-u-trim\" data-title=\"Przebieg kariery\">\n<ul>\n<li>dr nauk humanistycznych w zakresie literaturoznawstwa, Uniwersytet Warszawski, 2013<\/li>\n<li>magister filologii rosyjskiej w zakresie literaturoznawstwa, Uniwersytet Warszawski, 2006<\/li>\n<\/ul>\n<\/div>\n<div class=\"su-tabs-pane su-u-clearfix su-u-trim\" data-title=\"Zainteresowania naukowe\">\n<ul>\n<li>komparatystyka literaturoznawcza<\/li>\n<li>filmografia rosyjska<\/li>\n<li>przek\u0142ad artystyczny oraz ATV<\/li>\n<li>kulturoznawstwo<\/li>\n<li>nauczanie j\u0119zyka rosyjskiego jako obcego<\/li>\n<\/ul>\n<\/div>\n<div class=\"su-tabs-pane su-u-clearfix su-u-trim\" data-title=\"Wybrane publikacje\">\n<div class=\"su-table su-table-responsive su-table-alternate su-table-fixed\">\n<table style=\"width: 100%\">\n<tbody>\n<tr>\n<td style=\"width: 11.2583%\"><strong>Ksi\u0105\u017cki<\/strong><\/td>\n<td style=\"width: 87.6984%\" width=\"438\">\n<ul>\n<li>Spytek, P. (2019), <em>Inny \u015bwiat! Rosja Gustawa Herlinga-Grudzi\u0144skiego<\/em>. Toru\u0144.<\/li>\n<\/ul>\n<\/td>\n<\/tr>\n<tr>\n<td style=\"width: 11.2583%\"><strong>Rozdzia\u0142y<\/strong><\/td>\n<td style=\"width: 87.6984%\">\n<ul>\n<li>Spytek, P. (2018), <em>Kulisy kinematografii radzieckiej<\/em>, (w:) T. Bodio, J. Marsza\u0142ek-Kawa (red.), Polityka, prawo, kultura i\u00a0bezpiecze\u0144stwo na obszarze poradzieckim. Toru\u0144, s. 108-120.<\/li>\n<li>Spytek, P. (2017), <em>Witold Gombrowicz w krytycznych komentarzach Gustawa Herlinga-Grudzi\u0144skiego<\/em>, (w:) M. Cyzman, A. Skubaczewskiej-Pniewskiej, D. Brzostka (red.), <em>Od Lema do Sienkiewicza (z Ingardenem w tle). Prace literaturoznawcze ofiarowane profesorowi Andrzejowi Stoffowi w siedemdziesi\u0105t\u0105 rocznic\u0119 urodzin<\/em>. Toru\u0144, s. 495-505.<\/li>\n<li><span style=\"font-family: inherit;font-size: inherit\">Spytek, P. (2017), <\/span><em style=\"font-family: inherit;font-size: inherit\">\u041f\u043e\u043b\u044f\u043a\u0438! \u0420\u043e\u0441\u0441\u0438\u044f\u043d\u0435! \u0412\u043e\u0437\u043c\u043e\u0436\u0435\u043d \u043b\u0438 \u043c\u0435\u0436\u0434\u0443 \u043d\u0430\u043c\u0438 \u0434\u0438\u0430\u043b\u043e\u0433?<\/em><span style=\"font-family: inherit;font-size: inherit\">, (w:) <\/span><em style=\"font-family: inherit;font-size: inherit\">\u041f\u043e\u043b\u044f\u043a\u0438 \u043d\u0430 \u0410\u043b\u0442\u0430\u0435 \u0432\u0447\u0435\u0440\u0430, \u0441\u0435\u0433\u043e\u0434\u043d\u044f, \u0437\u0430\u0432\u0442\u0440\u0430. \u041c\u0430\u0442\u0435\u0440\u0438\u0430\u043b\u044b \u043c\u0435\u0436\u0434\u0443\u043d\u0430\u0440\u043e\u0434\u043d\u043e\u0439 \u043d\u0430\u0443\u0447\u043d\u043e-\u043f\u0440\u0430\u043a\u0442\u0438\u0447\u0435\u0441\u043a\u043e\u0439 \u043a\u043e\u043d\u0444\u0435\u0440\u0435\u043d\u0446\u0438\u0438<\/em><span style=\"font-family: inherit;font-size: inherit\">, Barnau\u0142, s.94-102.<\/span><\/li>\n<\/ul>\n<\/td>\n<\/tr>\n<tr>\n<td style=\"width: 11.2583%\"><strong>Artyku\u0142y<\/strong><\/td>\n<td style=\"width: 87.6984%\">\n<ul>\n<li>Spytek, P. (2018), <em>Specyfika t\u0142umaczenia artystycznego<\/em>, (w:) P. Spytek (red.), <em>\u0421\u0431\u043e\u0440\u043d\u0438\u043a \u0443\u0434\u0438\u0432\u0438\u0442\u0435\u043b\u044c\u043d\u044b\u0445 \u0442\u0435\u043a\u0441\u0442\u043e\u0432 \u2116 1<\/em>, Toru\u0144, s. 9-14.<\/li>\n<li><span style=\"font-family: inherit;font-size: inherit\">Spytek, P. (2017), <\/span><em style=\"font-family: inherit;font-size: inherit\">\u201eDzieci i ryby g\u0142osu nie maj\u0105!\u201d. Trudny los dzieci w \u015bwietle opowiada\u0144 Antoniego Czechowa<\/em><span style=\"font-family: inherit;font-size: inherit\">, (w:) \u201eElewator\u201d, nr 19 (1\/2017), s. 114-119.<\/span><\/li>\n<\/ul>\n<\/td>\n<\/tr>\n<\/tbody>\n<\/table>\n<\/div><\/div>\n<div class=\"su-tabs-pane su-u-clearfix su-u-trim\" data-title=\"Linki do osobistych profili naukowych\/zawodowych\">\n<ul>\n<li>http:\/\/kze.iksi.uw.edu.pl\/zespol-2\/#pspytek_person<\/li>\n<li>https:\/\/uw.academia.edu\/PatrycjaSpytek<\/li>\n<\/ul>\n<\/div>\n<div class=\"su-tabs-pane su-u-clearfix su-u-trim\" data-title=\"Wi\u0119cej\"><\/div><\/div><\/div>","protected":false},"excerpt":{"rendered":"","protected":false},"author":872,"featured_media":0,"parent":55,"menu_order":0,"comment_status":"closed","ping_status":"closed","template":"","meta":{"_mc_calendar":[],"footnotes":"","_links_to":"","_links_to_target":""},"class_list":["post-756","page","type-page","status-publish","hentry","post"],"acf":[],"_links":{"self":[{"href":"http:\/\/iksi.uw.edu.pl\/en\/wp-json\/wp\/v2\/pages\/756","targetHints":{"allow":["GET"]}}],"collection":[{"href":"http:\/\/iksi.uw.edu.pl\/en\/wp-json\/wp\/v2\/pages"}],"about":[{"href":"http:\/\/iksi.uw.edu.pl\/en\/wp-json\/wp\/v2\/types\/page"}],"author":[{"embeddable":true,"href":"http:\/\/iksi.uw.edu.pl\/en\/wp-json\/wp\/v2\/users\/872"}],"replies":[{"embeddable":true,"href":"http:\/\/iksi.uw.edu.pl\/en\/wp-json\/wp\/v2\/comments?post=756"}],"version-history":[{"count":18,"href":"http:\/\/iksi.uw.edu.pl\/en\/wp-json\/wp\/v2\/pages\/756\/revisions"}],"predecessor-version":[{"id":10864,"href":"http:\/\/iksi.uw.edu.pl\/en\/wp-json\/wp\/v2\/pages\/756\/revisions\/10864"}],"up":[{"embeddable":true,"href":"http:\/\/iksi.uw.edu.pl\/en\/wp-json\/wp\/v2\/pages\/55"}],"wp:attachment":[{"href":"http:\/\/iksi.uw.edu.pl\/en\/wp-json\/wp\/v2\/media?parent=756"}],"curies":[{"name":"wp","href":"https:\/\/api.w.org\/{rel}","templated":true}]}}

<div class="su-tabs su-tabs-style-default su-tabs-mobile-scroll su-tabs-vertical" data-active="1" data-scroll-offset="0" data-anchor-in-url="no"><div class="su-tabs-nav"><span class="" data-url="" data-target="blank" tabindex="0" role="button">Informacje</span><span class="" data-url="" data-target="blank" tabindex="0" role="button">Przebieg kariery</span><span class="" data-url="" data-target="blank" tabindex="0" role="button">Zainteresowania naukowe</span><span class="" data-url="" data-target="blank" tabindex="0" role="button">Wybrane publikacje</span><span class="" data-url="" data-target="blank" tabindex="0" role="button">Linki do osobistych profili naukowych/zawodowych</span><span class="" data-url="" data-target="blank" tabindex="0" role="button">Więcej</span></div><div class="su-tabs-panes"><div class="su-tabs-pane su-u-clearfix su-u-trim" data-title="Informacje">
<div class="su-table su-table-responsive su-table-alternate su-table-fixed">
<table style="width: 0px">
<tbody>
<tr>
<td style="width: 184px"><strong>ORCID</strong></td>
<td style="width: 306px"><a href="https://orcid.org/0000-0003-2638-5255" target="_blank" rel="noopener noreferrer">https://orcid.org/0000-0003-2638-5255</a></td>
</tr>
<tr>
<td style="width: 184px"><strong>Obszar naukowy</strong></td>
<td style="width: 306px">językoznawstwo<br />
literaturoznawstwo</td>
</tr>
<tr>
<td style="width: 184px"><strong>Stanowisko</strong></td>
<td style="width: 306px">adiunkt</td>
</tr>
<tr>
<td style="width: 184px"><strong>Numer pokoju w IKSI</strong></td>
<td style="width: 306px">3.514</td>
</tr>
<tr>
<td style="width: 184px"><strong>E-mail</strong></td>
<td style="width: 306px">p.spytek@uw.edu.pl</td>
</tr>
<tr>
<td style="width: 184px"><strong>Dyżur</strong></td>
<td style="width: 306px" width="302">czwartek, godz. 12:00</td>
</tr>
</tbody>
</table>
</div></div>
<div class="su-tabs-pane su-u-clearfix su-u-trim" data-title="Przebieg kariery">
<ul>
<li>dr nauk humanistycznych w zakresie literaturoznawstwa, Uniwersytet Warszawski, 2013</li>
<li>magister filologii rosyjskiej w zakresie literaturoznawstwa, Uniwersytet Warszawski, 2006</li>
</ul>
</div>
<div class="su-tabs-pane su-u-clearfix su-u-trim" data-title="Zainteresowania naukowe">
<ul>
<li>komparatystyka literaturoznawcza</li>
<li>filmografia rosyjska</li>
<li>przekład artystyczny oraz ATV</li>
<li>kulturoznawstwo</li>
<li>nauczanie języka rosyjskiego jako obcego</li>
</ul>
</div>
<div class="su-tabs-pane su-u-clearfix su-u-trim" data-title="Wybrane publikacje">
<div class="su-table su-table-responsive su-table-alternate su-table-fixed">
<table style="width: 100%">
<tbody>
<tr>
<td style="width: 11.2583%"><strong>Książki</strong></td>
<td style="width: 87.6984%" width="438">
<ul>
<li>Spytek, P. (2019), <em>Inny świat! Rosja Gustawa Herlinga-Grudzińskiego</em>. Toruń.</li>
</ul>
</td>
</tr>
<tr>
<td style="width: 11.2583%"><strong>Rozdziały</strong></td>
<td style="width: 87.6984%">
<ul>
<li>Spytek, P. (2018), <em>Kulisy kinematografii radzieckiej</em>, (w:) T. Bodio, J. Marszałek-Kawa (red.), Polityka, prawo, kultura i bezpieczeństwo na obszarze poradzieckim. Toruń, s. 108-120.</li>
<li>Spytek, P. (2017), <em>Witold Gombrowicz w krytycznych komentarzach Gustawa Herlinga-Grudzińskiego</em>, (w:) M. Cyzman, A. Skubaczewskiej-Pniewskiej, D. Brzostka (red.), <em>Od Lema do Sienkiewicza (z Ingardenem w tle). Prace literaturoznawcze ofiarowane profesorowi Andrzejowi Stoffowi w siedemdziesiątą rocznicę urodzin</em>. Toruń, s. 495-505.</li>
<li><span style="font-family: inherit;font-size: inherit">Spytek, P. (2017), </span><em style="font-family: inherit;font-size: inherit">Поляки! Россияне! Возможен ли между нами диалог?</em><span style="font-family: inherit;font-size: inherit">, (w:) </span><em style="font-family: inherit;font-size: inherit">Поляки на Алтае вчера, сегодня, завтра. Материалы международной научно-практической конференции</em><span style="font-family: inherit;font-size: inherit">, Barnauł, s.94-102.</span></li>
</ul>
</td>
</tr>
<tr>
<td style="width: 11.2583%"><strong>Artykuły</strong></td>
<td style="width: 87.6984%">
<ul>
<li>Spytek, P. (2018), <em>Specyfika tłumaczenia artystycznego</em>, (w:) P. Spytek (red.), <em>Сборник удивительных текстов № 1</em>, Toruń, s. 9-14.</li>
<li><span style="font-family: inherit;font-size: inherit">Spytek, P. (2017), </span><em style="font-family: inherit;font-size: inherit">„Dzieci i ryby głosu nie mają!”. Trudny los dzieci w świetle opowiadań Antoniego Czechowa</em><span style="font-family: inherit;font-size: inherit">, (w:) „Elewator”, nr 19 (1/2017), s. 114-119.</span></li>
</ul>
</td>
</tr>
</tbody>
</table>
</div></div>
<div class="su-tabs-pane su-u-clearfix su-u-trim" data-title="Linki do osobistych profili naukowych/zawodowych">
<ul>
<li>http://kze.iksi.uw.edu.pl/zespol-2/#pspytek_person</li>
<li>https://uw.academia.edu/PatrycjaSpytek</li>
</ul>
</div>
<div class="su-tabs-pane su-u-clearfix su-u-trim" data-title="Więcej"></div></div></div>
